.
-2
Let d(s) be the second derivative of s**3/6 + 3*s**2 + 9*s. Let p be (-23)/((-552)/120) - (-3)/(9/(-24)). What is d(p)?
3
Let v(o) be the third derivative of o**5/60 - o**4/4 - 2*o**2. Suppose -3*m + 0*m = -j - 62, 4*j = 2*m - 198. Let k be 2/(-6)*564/j. Determine v(k).
-8
Let y(v) be the third derivative of v**4/24 + 5*v**3/6 + 14*v**2. Suppose 22*i - 4*u = 21*i - 6, -2*i = -2*u - 6. Determine y(i).
11
Let w = -226 - -242. Suppose 0 = -f + 1, 5*p - w = 4*f. Let k(o) = o + 2. Calculate k(p).
6
Let b(a) = a**3 + 9*a**2 + 5. Let h(f) = f**3 + 4*f**2 + 2. Suppose -v + m + 12 = 0, 4*v - 40 = -v + m. Let q(u) = v*h(u) - 3*b(u). Give q(1).
4
Let f(n) be the first derivative of 2*n**3/3 - 19*n**2/2 - 2*n - 2950. Determine f(10).
8
Let x = -22725 - -22719. Let u(d) = d**3 + d**2 - 38*d - 15. Determine u(x).
33
Suppose -2*l + a = l + 312, -5*l - 512 = a. Suppose -5*r + 6*r = -111. Let u = r - l. Let q(p) = -2*p - 9. Determine q(u).
7
Let w(d) = 2*d**2 + d**3 + 62531*d - 62531*d. Let y be w(0). Let q(z) = -z - 6. What is q(y)?
-6
Let t = -8 + 9. Let u(f) = 2*f**2 + 2 - 6*f**2 + 55527*f - 55529*f. Give u(t).
-4
Let y(s) = 43*s + 85. Let m be y(-2). Let r(v) be the second derivative of 4*v**3/3 + v**2 - v + 6. Determine r(m).
-6
Let p be (4/5)/((-104)/8 - (-330)/25). Let a(z) = 14*z - 25. What is a(p)?
31
Let x = 7 + -4. Let b(w) = -x - 3*w + 0*w + w + 0. Let f = -187 - -190. Determine b(f).
-9
Let q(d) be the first derivative of -d**2 - 2/3*d**3 - d - 313. Determine q(-1).
-1
Let o be (20/2)/5 + 64. Let j be 5 + (-7)/(42/o). Let b(n) = -n**2 - 7*n + 3. Give b(j).
9
Let a be -5*8/(-20)*1/2. Let l(s) = -s**2 + 5 - 4 - s**2 - 9*s**3. Give l(a).
-10
Let t(w) = 2*w**3 + 14*w**2 + 13*w - 5. Let d be t(-6). Let q(v) = v**2 + 6*v - 57. Let m be q(d). Let c(b) = -3*b**3 - 4*b**2 - 3*b - 1. Calculate c(m).
13
Suppose 2*f - 4*d + 6 = 0, -2*f - 4*d + 17 = -5*f. Let o = f + 7. Let b(l) = -2*l - 8. Let p be b(o). Let w(k) = -k**3 + k**2 + k + 10. Calculate w(p).
10
Let o be (-46)/18 - 30*(-2)/(-135). Let x(b) be the first derivative of b**4/4 + 4*b**3/3 + b**2/2 - 3*b + 1. Calculate x(o).
3
Let h(x) be the first derivative of -x**3/3 + 11*x**2 - 55*x - 1057. Calculate h(20).
-15
Let m(l) = 8*l + 99. Let v = -10020 + 10007. Determine m(v).
-5
Let o be ((-2 - -4) + 7)*(-2)/(-18). Let v(l) be the third derivative of 0*l - 13*l**2 + 1/6*l**3 - 1/8*l**4 + 0. Calculate v(o).
-2
Let v = -460 - -837. Let h = 383 - v. Let j(b) = 8*b**2 - 7*b + 4. Let n(f) = f**3 + f**2 - f. Let x(i) = j(i) - n(i). Calculate x(h).
4
Let o = -6 - -11. Let v(g) = -3*g**3 - 8*g**2 - 26*g + 25. Let u(q) = -2*q**3 - 4*q**2 - 14*q + 13. Let a(s) = -5*u(s) + 3*v(s). Calculate a(o).
-5
Let f(g) = -g + 9. Let t be f(7). Let d(c) be the second derivative of -c**4/4 + c**3/3 + c**2 + 17*c + 18. Determine d(t).
-6
Let x(c) = 16*c**3 - 101*c**2 + 246*c - 207. Let o(f) = -3*f**3 + 20*f**2 - 49*f + 41. Let z(d) = -11*o(d) - 2*x(d). Determine z(15).
-7
Let h = 514 + -512. Let k be 8/(-10) + ((-864)/60)/h. Let v(m) = -m - 10. Calculate v(k).
-2
Let r(w) = -1842*w**2 - 1838*w**2 + 134 - 1840*w**2 - 1842*w**2 + 30*w + 7363*w**2. Calculate r(-24).
-10
Let r(y) = 3*y - 4 + 4. Suppose -4*g + 285 + 151 = 0. Let n = 105 - g. What is r(n)?
-12
Let m(t) = -3*t - 7. Let a(h) = -5*h - 8. Let p(v) = v**2 - 21*v + 86. Let u be p(15). Let q(s) = u*m(s) + 3*a(s). Calculate q(-3).
13
Let t = -3522 - -3510. Let n(z) = -z - 12. Determine n(t).
0
Let g(v) = -v**3 + 2*v - 15. Suppose 2*q - 9*q + 4*q = 4*q. Give g(q).
-15
Let m(z) be the third derivative of z**5/60 + z**4/4 + 11*z**3/6 + 7040*z**2 + 1. Give m(7).
102
Let d(i) = i**3 - 8*i**2 + 3*i + 25. Suppose 9 = 2*l - 5*b, 80*b - 20 = -3*l + 81*b. Calculate d(l).
-3
Let x(o) be the first derivative of -2*o**3/3 - 11*o**2 + 13*o + 445. Calculate x(-12).
-11
Let t(g) be the second derivative of 2*g**3/3 - g**2 + 113*g + 1. What is t(5)?
18
Suppose 0 = i + i - 12. Let m(k) = 46*k**2 - 5*k + 11. Let s(x) = -107*x**2 + 9*x - 24. Let u(g) = 7*m(g) + 3*s(g). Give u(i).
-7
Let w(a) be the second derivative of -a**5/20 + a**4/2 + 7*a**3/6 + 2*a**2 - 5*a. Let i = 2746 - 2739. Give w(i).
4
Let t(l) = -l**3 - 27*l**2 - l - 11. Let j be (5 + 1)*(-108)/24. What is t(j)?
16
Let i(d) = d**3 + 5*d**2 - 24*d - 4. Let t be i(-8). Let y(j) = 10*j**2 + 3*j + 11. Calculate y(t).
159
Let f(u) = 3*u - 11. Suppose -2*j + j = -5. Let z(r) be the third derivative of -r**4/24 + 5*r**3/6 + r**2 + 38*r. Let g(o) = j*z(o) + 2*f(o). Determine g(0).
3
Let y(d) be the second derivative of -d**5/20 + d**4 + 2*d**3 - 6*d**2 - 833*d. Calculate y(13).
-25
Let d(v) = 43*v - 216. Let l(r) = -11*r + 59. Let y(g) = -3*d(g) - 11*l(g). What is y(-6)?
47
Let y(u) = -13 - 18 + 15*u - 7*u - u - 8*u. Calculate y(-6).
-25
Let b(n) = n**3 + 5*n**2 - 2*n + 25. Let g be b(-6). Let d be (27 + -203)*g/(-2). Let v = 89 - d. Let t(c) = -8*c - 1. What is t(v)?
-9
Let a(h) = h**3 + 5*h**2 - 4*h + 34. Let f(d) = d**3 + 6*d**2 - 4*d + 39. Let c(p) = -7*a(p) + 6*f(p). Let x(i) = i. Let j be x(3). Give c(j).
-10
Let q(n) = 2*n + 6. Let w = -3391 + 3395. Calculate q(w).
14
Let t(l) = -l**2 - 4*l - 6. Let y = 53 - 3. Let m = y - 13. Let w = -41 + m. What is t(w)?
-6
Suppose -3*r = -11 - 4. Suppose -r*t = 3*j - j - 16, -3 = 3*t - 3*j. Let p(k) = -2*k + 10*k**2 + 1 - 12*k**t + 3. Determine p(-4).
-20
Suppose 5*z - 15 = 3*i, 4*i - z = -0*z - 3. Let a(p) = -p**2 - 4*p + 347. Let x(b) = b - 117. Let w(f) = a(f) + 3*x(f). Give w(i).
-4
Let u(z) = -2*z + 16. Let b = 249 + -256. Let k be ((-26)/b)/(46/161). Give u(k).
-10
Let h(c) = -8*c + 8. Let f be (9 - 10)/(1 + -2). Let i be h(f). Let z(m) = -7*m - 13. Let s(u) = 10*u + 19. Let k(n) = 5*s(n) + 7*z(n). Determine k(i).
4
Let q(t) = -t**3 + t**2 - t + 1. Let c = 276 - 272. Let v be (4 - 14/c)*-10 + 5. What is q(v)?
1
Let q be 59/(1062/(-84))*(-18)/(-4). Let o(t) = 4*t - 1. Give o(q).
-85
Let u(i) = 7*i - 11. Let s(h) = -4*h + 5. Let g = -119 + 116. Let m(d) = g*u(d) - 5*s(d). Give m(-6).
14
Suppose -3*d - 7 = -k + 12, 3*k = 5*d + 37. Suppose 2*j - 14 = k*s, 0*s = s - 5*j + 26. Let y be (1*1/(-1))/s. Let o(l) = 8*l - 1. What is o(y)?
7
Suppose 2*y + r - 27 = -3, -2*y = -4*r - 4. Let f(p) = p**2 - 8*p - 15. Let v be f(y). Let g(t) = -9*t + 4. Determine g(v).
-41
Let b(r) = r + 1. Let d(t) = 10*t + 15. Let o(i) = 75*b(i) - 5*d(i). Let x(s) = 2*s**3 + 5*s + 6. Let v be x(-1). What is o(v)?
-25
Let h(v) = 2*v**2 + 3*v + 3. Let i(r) = -7*r**2 - 5*r + 4. Let k be i(1). Let l(t) = 9*t + 69. Let u be l(k). Give h(u).
12
Let y(w) = 11 - w + w + 9*w - 5*w + 8*w - w**2. What is y(11)?
22
Let n(b) = -b**2 + 18. Let g be (24/(-15))/(442/(-195) - -2). Determine n(g).
-18
Let q(v) = v**2 - 2*v + 3. Suppose -3*r = 3*s - r - 16, 14 = 2*s + 3*r. Let w be s*((-60)/(-16) + -3). Suppose -3*y + 12 = w. Determine q(y).
6
Let l(q) be the third derivative of -q**7/2520 - q**6/60 - 11*q**5/30 - 60*q**2 + 2. Let u(o) be the third derivative of l(o). Determine u(-10).
8
Let z(y) = 3997*y - 9 - 1332*y - 1334*y - 1335*y - 64. What is z(-14)?
-17
Suppose -13*x = -27*x + 266. Let z(y) = y**2 + 3*y + 4. Let k be z(-2). Suppose 27 = -k*a + x. Let i(o) = o**2 + 2*o - 5. Determine i(a).
3
Suppose 23*a - o - 3572 = 18*a, 3564 = 5*a + 3*o. Let s = a - 700. Let w(z) = -z**2 + 12*z + 30. What is w(s)?
2
Let a(x) = -5*x - 1. Let o be ((7 - -3) + -18)/(1/(-2)). Give a(o).
-81
Let m be (-4)/(15/45*(1 - 0)). Let h be (1 - 5)*((-13 - m) + 3). Let i(z) = z + 8. Give i(h).
0
Let r(f) = f**3 + 5*f**2 + 5*f + 33. Let l be r(-5). Let s be (2/4)/((-1)/l). Let i be s/(-3) + 70/(-21). Let z(j) = 8*j. Calculate z(i).
-16
Let p(w) = 139*w**2 - 16*w**3 + 9*w**3 - 5 + 6*w**3 - 147*w**2 - w. Determine p(-7).
-47
Let k(i) be the third derivative of i**5/60 - i**4/24 + i**3/3 - i**2. Let m(b) = 4083*b + 61248. Let f be m(-15). Give k(f).
8
Let i(g) = 2*g**2 - 88*g - 7. Let m(r) = 2*r**2 - 129*r - 10. Let y(v) = 7*i(v) - 5*m(v). Calculate y(-7).
-6
Let w be (-4)/4 - -3 - -1*1. Let k(u) be the first derivative of u**4/12 + u**2/2 + 45*u - 43. Let r(z) be the first derivative of k(z). Determine r(w).
10
Let r(z) = -1 + 11 + 2*z + 10 + 3 - 21 - 3*z**2. Calculate r(6).
-94
Let z(f) = -f**3 + 6*f**2 - 3*f + 3. Let a be 9/(-21) - 1122/(-119). Suppose 0 = 